
Let p be 170/6 + 1/(-3). Suppose 0 = 10*u + 358 + 252. Let g = 103 + u. What is the highest common divisor of p and g?
14
Suppose -3*z + 4 = -80. Suppose -4*s = -m - 624, 0 = 4*s - 5*m - 1001 + 361. Let i = s - 85. What is the greatest common factor of i and z?
14
Let q(v) = -23*v**2 + v + 12. Let x be q(4). Let y be 1/(-7) - x/14. What is the highest common divisor of 125 and y?
25
Suppose 26*x - 4 = 27*x. Let s(k) = 3*k**2 + 7*k - 4. Let q be s(x). Suppose 4*p + 630 - 114 = 3*a, 4*a = p + 701. What is the highest common factor of a and q?
16
Let h = 10 + 85. Let m = h + -91. Calculate the greatest common divisor of 14 and m.
2
Let q be (1960/30)/((-2)/(-3)). Suppose 0 = 11*m - q + 32. Let u(t) = t + 3. Let g be u(9). What is the greatest common factor of g and m?
6
Let k be (283 - 1)*(-6 - -7). Let u = k - 121. Suppose 3*g - u = -4*g. What is the highest common divisor of g and 46?
23
Suppose 608 = 4*r - 600. Suppose 16*k = 18*k - r. Suppose 3*h - k = -61. What is the highest common divisor of 6 and h?
6
Let x(o) = -o**2 + 14*o + 53. Let c be x(17). What is the greatest common factor of c and 28?
2
Suppose -531*z - 852 = -543*z. Calculate the highest common factor of z and 3337.
71
Let q(x) = 2*x**3 - 3*x**2 + 2. Let g = 1 + 5. Suppose z = g - 4. Let k be q(z). Calculate the greatest common factor of 54 and k.
6
Let m be (-2)/(-17) + (-2688)/(-272). What is the greatest common divisor of 90 and m?
10
Let b(f) = 27*f**2 - 6*f + 2. Let t be b(1). Suppose -t - 22 = -3*r. Calculate the highest common divisor of r and 6.
3
Suppose 12 = 3*g, 0*x + g + 356 = 5*x. Calculate the highest common divisor of 72 and x.
72
Suppose 7*o - 10*o + b = -67, -3*o + 77 = b. What is the highest common divisor of 96 and o?
24
Let n be 1 + 5 + (-6)/6. Suppose 144 - 54 = n*f. Let l be (405/f)/((-6)/(-32)). Calculate the greatest common factor of l and 15.
15
Let s(w) = -w**3 + 5*w**2 + 10*w - 13. Let u be s(6). Let z be (66/(-4))/(2/(-12)). What is the greatest common factor of u and z?
11
Suppose 40 = 78*z - 76*z. What is the highest common factor of 30 and z?
10
Let c = 8 - 6. Suppose 0*m = 2*m + x - 16, -2*m = c*x - 14. Calculate the greatest common factor of 9 and m.
9
Let f be (((-3)/3)/(-1))/(3/57). Calculate the greatest common divisor of 19 and f.
19
Let u = 191 + -156. What is the greatest common divisor of u and 56?
7
Let k = 8 - 13. Let r = k + 7. Suppose -2*z = r*z - 132. What is the greatest common factor of z and 3?
3
Suppose 0 = 18*h - 14*h - 16. Let v be 0 + (-101 - h)/(-5). What is the highest common divisor of v and 3?
3
Let m be (4 - (-5)/(-1))/((-2)/(-8)). Let b(t) = t**2 + 7. Let r be b(m). What is the greatest common factor of r and 253?
23
Let r = 18 + 580. Calculate the highest common factor of r and 46.
46
Let y(r) = 21*r + 2. Let c(m) = 357*m + 35. Let k(a) = 4*c(a) - 70*y(a). Let n be k(-3). Let q = -49 + n. What is the highest common divisor of 11 and q?
11
Let q = -242 - -100. Let c be (-1)/(-2) + q/(-4). Calculate the greatest common divisor of c and 54.
18
Suppose 5*v + 3 - 46 = -2*u, -2*v - 50 = -4*u. Calculate the highest common factor of u and 21.
7
Suppose -5*u - 14 = -2*g, -g - 3*u = 2*g + 21. Let y(c) = -20*c - 12. Let i be y(g). What is the highest common factor of i and 72?
24
Suppose -3 - 1 = -2*b. Suppose -7*z + b*z = -40. What is the highest common divisor of 64 and z?
8
Let a(l) = -l + 11. Let b be -6 + 6 + 1*21. Suppose -u = -5*i - b, -4*u - 4*i + 12 = -0*i. Let z be a(u). What is the highest common factor of 10 and z?
5
Let z = -2506 + 2771. What is the greatest common factor of 371 and z?
53
Suppose 3*h - h = 16. Suppose -4*g + h*g = 20. Calculate the highest common divisor of g and 40.
5
Suppose -l = -3*l + 32. Suppose -7*q - q = -32. Suppose -3*u = 3*g, 0 = g + q*g + 2*u - 12. Calculate the highest common factor of g and l.
4
Suppose -18 = 2*r - 116. Let p = r + -9. What is the highest common factor of p and 8?
8
Suppose 29 = -4*w + 5. Let h be (-2 - -1)*(w - -4). Suppose -g = 4*n - 55, 3*n - 155 + 20 = -h*g. What is the greatest common divisor of 15 and g?
15
Let j(l) = -28*l - 664. Let k be j(-24). Let q(v) = v**3 + 7*v**2 + 8. Let r be q(-7). Calculate the greatest common divisor of r and k.
8
Suppose -9*h - 20 = -10*h. Suppose 0 = 6*d - 2*d - h. Suppose -407 = -3*q - 3*v - 128, -486 = -d*q + 2*v. Calculate the greatest common factor of q and 12.
12
Let o(f) = 277*f**2 - 2. Let j be o(2). What is the highest common factor of 79 and j?
79
Suppose 1975 = 5*x - 5*i, 3*x + 187 = -4*i + 1379. Suppose s - x = -3*s. Suppose 3*q - 51 = s. Calculate the greatest common divisor of q and 20.
10
Let d = -3186 + 3197. Let y be (-3)/(-2)*4/6. What is the greatest common divisor of y and d?
1
Suppose -2*f + 108 = -4*o, -3*o + 2*o - 270 = -5*f. Suppose -6*z = -9*z + f. What is the highest common factor of z and 2?
2
Let i be (-1)/(-6) - (-5995)/66. Let m = 179 - i. Let d be (-2)/3 + (-35)/(-3). Calculate the highest common divisor of m and d.
11
Let s(l) = 4*l**2 - 2*l. Let w be s(-4). Suppose 3*d - w = -3*d. What is the highest common divisor of d and 36?
12
Let p = -44 - -124. Let l = -24 + p. Calculate the highest common factor of 7 and l.
7
Let k(y) = y**3 - 4*y**2 - 22*y + 10. Let m be k(8). Calculate the greatest common divisor of m and 90.
90
Suppose 2*h = 2*f - 3*f - 7, -4*f + 12 = -2*h. Let s(d) = -14*d - 1. Let w be s(h). Let v = 127 - w. What is the highest common factor of 24 and v?
24
Suppose 5*h + 4*y - 400 = 0, h - 2*y - 61 = y. What is the highest common divisor of h and 152?
76
Let v(w) = -84*w. Let p be v(-2). Let o be (-69)/9 + 7 + 206/3. Let k = o + -47. Calculate the greatest common divisor of p and k.
21
Let s(n) = -66*n + 1021. Let l be s(-12). What is the greatest common divisor of 98 and l?
49
Let s be (-18)/(-81) - 3504/(-27). Calculate the greatest common factor of s and 143.
13
Suppose 5*k + 18 = p, 0 = -5*k + p + 3*p - 12. Let a be k/(-1) + -9 + 19. What is the greatest common divisor of a and 14?
14
Let q = -210 + 231. What is the greatest common factor of 56 and q?
7
Let u = 78 + -64. Suppose 0 = -l - d + 3, -3*d = d - 12. Suppose -170 = -q - 4*k, 166 = -l*q + q + 3*k. What is the highest common factor of u and q?
14
Let i(p) be the third derivative of -p**4/24 - p**3/2 - p**2. Let d be i(-4). Let x be (154/21)/(d/3). Calculate the greatest common divisor of x and 55.
11
Let m(y) = y**2 - 4*y - 1. Let f be m(5). Let l(c) = -c + 11. Let v be l(f). What is the highest common divisor of 21 and v?
7
Suppose -5 = 2*k - 1. Let y be (-819)/(-18) + 1/k. Calculate the highest common divisor of 9 and y.
9
Suppose 2*n - 2*t - 1570 = 0, -69*t = -67*t + 4. Calculate the greatest common divisor of 29 and n.
29
Suppose 2*c = -2*s + 4, 2*s - 5*s = -4*c + 8. Suppose 0 = -4*x - 12, -c*x = -4*m + x + 17. What is the greatest common factor of 6 and m?
2
Suppose -2*u - 2*u + 16 = 0. Suppose -3*o + d = -4*d - 151, -4*o - u*d = -180. Suppose -3*c = -o - 85. Calculate the greatest common factor of 4 and c.
4
Suppose 0*a + 3*a - 16 = -5*m, 0 = 2*a + 5*m - 4. What is the highest common divisor of a and 246?
6
Suppose 30*j = 31*j - 6. Suppose -2*t = -j*t + 96. Calculate the highest common factor of t and 12.
12
Suppose -266 = -12*s + 5*s. Let d be ((-84)/5)/((-32)/(-560)). Let g be d/(-14) - (0 + 2). Calculate the greatest common divisor of g and s.
19
Let r(h) be the second derivative of h**3/3 + 11*h**2/2 + 6*h. Let b be r(-10). Let p be (-19)/(-3) + 3/b. What is the greatest common factor of p and 30?
6
Let f = 112 + 97. Let z(y) be the first derivative of 3*y**2 - 5*y - 9. Let r be z(4). What is the highest common divisor of r and f?
19
Suppose -k = -2*i + 52, i + 2*k = -i + 64. What is the highest common divisor of 49 and i?
7
Let m be (232/(-10))/((-8)/140*7). Calculate the greatest common factor of 986 and m.
58
Suppose 2971 = 25*w - 4629. Calculate the greatest common divisor of w and 16.
16
Suppose 0 = -5*x - 4*h + 455, 16*h + 91 = x + 13*h. What is the highest common factor of x and 28?
7
Let y(s) = 2*s. Let f be y(11). Let a(l) = -l**2 - 4*l + 3. Let p be a(-3). Let q = -4 + p. Calculate the highest common divisor of q and f.
2
Let b = 894 + -278. Calculate the highest common divisor of 28 and b.
28
Suppose 0*h 